{"id":46085,"date":"2016-04-08T10:31:56","date_gmt":"2016-04-08T10:31:56","guid":{"rendered":"https:\/\/farmanuario.com\/?post_type=product&#038;p=46085"},"modified":"2025-12-03T10:49:43","modified_gmt":"2025-12-03T10:49:43","slug":"farmanuario-web-sistema-de-informacion-de-medicamentos","status":"publish","type":"product","link":"https:\/\/farmanuario.com\/tendencias\/producto\/farmanuario-web-sistema-de-informacion-de-medicamentos\/","title":{"rendered":"<i>Base de datos <br>farmac\u00f3logica y terap\u00e9utica,<\/br>aplicaci\u00f3n web de consulta<br>y webservice<\/i>"},"content":{"rendered":"<p>Farmanuario WEB es un sistema de informaci\u00f3n que provee un monitor de consultas para PC o notebooks y webservices, que permiten acceder y consultar la base de datos de Farmanuario.<\/p>\n<p>Los webservices permiten la integraci\u00f3n y consumo de toda la informaci\u00f3n de Farmanuario en sistemas inform\u00e1ticos de historia cl\u00ednica electr\u00f3nica, gesti\u00f3n de farmacias y receta electr\u00f3nica.<\/p>\n<p>El monitor del Farmanuario WEB permite realizar consultas y b\u00fasquedas \u00e1giles por marca comercial, principio activo, grupo terap\u00e9utico y por laboratorio, accediendo a toda la informaci\u00f3n farmacol\u00f3gica y terap\u00e9utica completa de Farmanuario sobre todos los medicamentos disponibles en el pa\u00eds. Para cada medicamento Farmanuario WEB describe sus <em>indicaciones, dosis, reacciones adversas e interacciones, junto a las presentaciones comerciales y productos similares<\/em> disponibles en el pa\u00eds.<\/p>\n<p>Los contenidos t\u00e9cnicos son elaborados por Farmanuario y actualizados permanentemente, a partir de fuentes bibliogr\u00e1ficas de referencia internacional, por un Comit\u00e9 Cient\u00edfico multidisciplinario.<\/p>\n<p>Farmanuario WEB contiene adicionalmente el c\u00f3digo SNOMED-CT y la codificaci\u00f3n ATC, as\u00ed como un \u00edndice de empresas farmac\u00e9uticas con direcci\u00f3n, tel\u00e9fono y mail del laboratorio, as\u00ed como los productos que comercializa.<\/p>\n<p>La licencia de uso de Farmanuario WEB incluye la actualizaci\u00f3n permanente, con frecuencia semanal, de altas, bajas, modificaciones de productos y cambios de precios.<\/p>\n","protected":false},"excerpt":{"rendered":"<p>Innovador servicio de que permite a trav\u00e9s de Internet acceder a la base de Farmanuario, con todos los medicamentos del pa\u00eds y sus similares con su precios actualizados y la fichas t\u00e9cnicas completas de los principios activos.<\/p>\n","protected":false},"featured_media":56703,"comment_status":"open","ping_status":"closed","template":"","meta":{"_acf_changed":false,"_monsterinsights_skip_tracking":false,"_monsterinsights_sitenote_active":false,"_monsterinsights_sitenote_note":"","_monsterinsights_sitenote_category":0},"product_brand":[],"product_cat":[3116],"product_tag":[5772,5773],"class_list":{"0":"post-46085","1":"product","2":"type-product","3":"status-publish","4":"has-post-thumbnail","6":"product_cat-productos","7":"product_tag-sim","8":"product_tag-sistema-de-informacion-de-medicamentos","10":"first","11":"instock","12":"virtual","13":"purchasable","14":"product-type-simple"},"acf":[],"yoast_head":"<!-- This site is optimized with the Yoast SEO plugin v25.1 - https:\/\/yoast.com\/wordpress\/plugins\/seo\/ -->\n<title>Base de datos farmac\u00f3logica y terap\u00e9utica,aplicaci\u00f3n web de consultay webservice - Farmanuario<\/title>\n<meta name=\"robots\" content=\"index, follow, max-snippet:-1, max-image-preview:large, max-video-preview:-1\" \/>\n<link rel=\"canonical\" href=\"https:\/\/farmanuario.com\/tendencias\/producto\/farmanuario-web-sistema-de-informacion-de-medicamentos\/\" \/>\n<meta property=\"og:locale\" content=\"es_ES\" \/>\n<meta property=\"og:type\" content=\"article\" \/>\n<meta property=\"og:title\" content=\"Base de datos farmac\u00f3logica y terap\u00e9utica,aplicaci\u00f3n web de consultay webservice - Farmanuario\" \/>\n<meta property=\"og:description\" content=\"Innovador servicio de que permite a trav\u00e9s de Internet acceder a la base de Farmanuario, con todos los medicamentos del pa\u00eds y sus similares con su precios actualizados y la fichas t\u00e9cnicas completas de los principios activos.\" \/>\n<meta property=\"og:url\" content=\"https:\/\/farmanuario.com\/tendencias\/producto\/farmanuario-web-sistema-de-informacion-de-medicamentos\/\" \/>\n<meta property=\"og:site_name\" content=\"Farmanuario\" \/>\n<meta property=\"article:modified_time\" content=\"2025-12-03T10:49:43+00:00\" \/>\n<meta property=\"og:image\" content=\"https:\/\/farmanuario.com\/tendencias\/wp-content\/uploads\/2016\/04\/Farmanuario-web.png\" \/>\n\t<meta property=\"og:image:width\" content=\"800\" \/>\n\t<meta property=\"og:image:height\" content=\"800\" \/>\n\t<meta property=\"og:image:type\" content=\"image\/png\" \/>\n<meta name=\"twitter:card\" content=\"summary_large_image\" \/>\n<meta name=\"twitter:label1\" content=\"Tiempo de lectura\" \/>\n\t<meta name=\"twitter:data1\" content=\"2 minutos\" \/>\n<script type=\"application\/ld+json\" class=\"yoast-schema-graph\">{\"@context\":\"https:\/\/schema.org\",\"@graph\":[{\"@type\":\"WebPage\",\"@id\":\"https:\/\/farmanuario.com\/tendencias\/producto\/farmanuario-web-sistema-de-informacion-de-medicamentos\/\",\"url\":\"https:\/\/farmanuario.com\/tendencias\/producto\/farmanuario-web-sistema-de-informacion-de-medicamentos\/\",\"name\":\"Base de datos farmac\u00f3logica y terap\u00e9utica,aplicaci\u00f3n web de consulta y webservice - Farmanuario\",\"isPartOf\":{\"@id\":\"https:\/\/farmanuario.com\/tendencias\/#website\"},\"primaryImageOfPage\":{\"@id\":\"https:\/\/farmanuario.com\/tendencias\/producto\/farmanuario-web-sistema-de-informacion-de-medicamentos\/#primaryimage\"},\"image\":{\"@id\":\"https:\/\/farmanuario.com\/tendencias\/producto\/farmanuario-web-sistema-de-informacion-de-medicamentos\/#primaryimage\"},\"thumbnailUrl\":\"https:\/\/farmanuario.com\/tendencias\/wp-content\/uploads\/2016\/04\/Farmanuario-web.png\",\"datePublished\":\"2016-04-08T10:31:56+00:00\",\"dateModified\":\"2025-12-03T10:49:43+00:00\",\"breadcrumb\":{\"@id\":\"https:\/\/farmanuario.com\/tendencias\/producto\/farmanuario-web-sistema-de-informacion-de-medicamentos\/#breadcrumb\"},\"inLanguage\":\"es\",\"potentialAction\":[{\"@type\":\"ReadAction\",\"target\":[\"https:\/\/farmanuario.com\/tendencias\/producto\/farmanuario-web-sistema-de-informacion-de-medicamentos\/\"]}]},{\"@type\":\"ImageObject\",\"inLanguage\":\"es\",\"@id\":\"https:\/\/farmanuario.com\/tendencias\/producto\/farmanuario-web-sistema-de-informacion-de-medicamentos\/#primaryimage\",\"url\":\"https:\/\/farmanuario.com\/tendencias\/wp-content\/uploads\/2016\/04\/Farmanuario-web.png\",\"contentUrl\":\"https:\/\/farmanuario.com\/tendencias\/wp-content\/uploads\/2016\/04\/Farmanuario-web.png\",\"width\":800,\"height\":800},{\"@type\":\"BreadcrumbList\",\"@id\":\"https:\/\/farmanuario.com\/tendencias\/producto\/farmanuario-web-sistema-de-informacion-de-medicamentos\/#breadcrumb\",\"itemListElement\":[{\"@type\":\"ListItem\",\"position\":1,\"name\":\"Portada\",\"item\":\"https:\/\/farmanuario.com\/tendencias\/\"},{\"@type\":\"ListItem\",\"position\":2,\"name\":\"Nuestros Productos\",\"item\":\"https:\/\/farmanuario.com\/tendencias\/tienda-de-farmanuario-4\/\"},{\"@type\":\"ListItem\",\"position\":3,\"name\":\"Base de datos farmac\u00f3logica y terap\u00e9utica,aplicaci\u00f3n web de consultay webservice\"}]},{\"@type\":\"WebSite\",\"@id\":\"https:\/\/farmanuario.com\/tendencias\/#website\",\"url\":\"https:\/\/farmanuario.com\/tendencias\/\",\"name\":\"Farmanuario\",\"description\":\"Informaci\u00f3n sobre Farmacos y Medicamentos\",\"potentialAction\":[{\"@type\":\"SearchAction\",\"target\":{\"@type\":\"EntryPoint\",\"urlTemplate\":\"https:\/\/farmanuario.com\/tendencias\/?s={search_term_string}\"},\"query-input\":{\"@type\":\"PropertyValueSpecification\",\"valueRequired\":true,\"valueName\":\"search_term_string\"}}],\"inLanguage\":\"es\"}]}<\/script>\n<!-- \/ Yoast SEO plugin. -->","yoast_head_json":{"title":"Base de datos farmac\u00f3logica y terap\u00e9utica,aplicaci\u00f3n web de consultay webservice - Farmanuario","robots":{"index":"index","follow":"follow","max-snippet":"max-snippet:-1","max-image-preview":"max-image-preview:large","max-video-preview":"max-video-preview:-1"},"canonical":"https:\/\/farmanuario.com\/tendencias\/producto\/farmanuario-web-sistema-de-informacion-de-medicamentos\/","og_locale":"es_ES","og_type":"article","og_title":"Base de datos farmac\u00f3logica y terap\u00e9utica,aplicaci\u00f3n web de consultay webservice - Farmanuario","og_description":"Innovador servicio de que permite a trav\u00e9s de Internet acceder a la base de Farmanuario, con todos los medicamentos del pa\u00eds y sus similares con su precios actualizados y la fichas t\u00e9cnicas completas de los principios activos.","og_url":"https:\/\/farmanuario.com\/tendencias\/producto\/farmanuario-web-sistema-de-informacion-de-medicamentos\/","og_site_name":"Farmanuario","article_modified_time":"2025-12-03T10:49:43+00:00","og_image":[{"width":800,"height":800,"url":"https:\/\/farmanuario.com\/tendencias\/wp-content\/uploads\/2016\/04\/Farmanuario-web.png","type":"image\/png"}],"twitter_card":"summary_large_image","twitter_misc":{"Tiempo de lectura":"2 minutos"},"schema":{"@context":"https:\/\/schema.org","@graph":[{"@type":"WebPage","@id":"https:\/\/farmanuario.com\/tendencias\/producto\/farmanuario-web-sistema-de-informacion-de-medicamentos\/","url":"https:\/\/farmanuario.com\/tendencias\/producto\/farmanuario-web-sistema-de-informacion-de-medicamentos\/","name":"Base de datos farmac\u00f3logica y terap\u00e9utica,aplicaci\u00f3n web de consulta y webservice - Farmanuario","isPartOf":{"@id":"https:\/\/farmanuario.com\/tendencias\/#website"},"primaryImageOfPage":{"@id":"https:\/\/farmanuario.com\/tendencias\/producto\/farmanuario-web-sistema-de-informacion-de-medicamentos\/#primaryimage"},"image":{"@id":"https:\/\/farmanuario.com\/tendencias\/producto\/farmanuario-web-sistema-de-informacion-de-medicamentos\/#primaryimage"},"thumbnailUrl":"https:\/\/farmanuario.com\/tendencias\/wp-content\/uploads\/2016\/04\/Farmanuario-web.png","datePublished":"2016-04-08T10:31:56+00:00","dateModified":"2025-12-03T10:49:43+00:00","breadcrumb":{"@id":"https:\/\/farmanuario.com\/tendencias\/producto\/farmanuario-web-sistema-de-informacion-de-medicamentos\/#breadcrumb"},"inLanguage":"es","potentialAction":[{"@type":"ReadAction","target":["https:\/\/farmanuario.com\/tendencias\/producto\/farmanuario-web-sistema-de-informacion-de-medicamentos\/"]}]},{"@type":"ImageObject","inLanguage":"es","@id":"https:\/\/farmanuario.com\/tendencias\/producto\/farmanuario-web-sistema-de-informacion-de-medicamentos\/#primaryimage","url":"https:\/\/farmanuario.com\/tendencias\/wp-content\/uploads\/2016\/04\/Farmanuario-web.png","contentUrl":"https:\/\/farmanuario.com\/tendencias\/wp-content\/uploads\/2016\/04\/Farmanuario-web.png","width":800,"height":800},{"@type":"BreadcrumbList","@id":"https:\/\/farmanuario.com\/tendencias\/producto\/farmanuario-web-sistema-de-informacion-de-medicamentos\/#breadcrumb","itemListElement":[{"@type":"ListItem","position":1,"name":"Portada","item":"https:\/\/farmanuario.com\/tendencias\/"},{"@type":"ListItem","position":2,"name":"Nuestros Productos","item":"https:\/\/farmanuario.com\/tendencias\/tienda-de-farmanuario-4\/"},{"@type":"ListItem","position":3,"name":"Base de datos farmac\u00f3logica y terap\u00e9utica,aplicaci\u00f3n web de consultay webservice"}]},{"@type":"WebSite","@id":"https:\/\/farmanuario.com\/tendencias\/#website","url":"https:\/\/farmanuario.com\/tendencias\/","name":"Farmanuario","description":"Informaci\u00f3n sobre Farmacos y Medicamentos","potentialAction":[{"@type":"SearchAction","target":{"@type":"EntryPoint","urlTemplate":"https:\/\/farmanuario.com\/tendencias\/?s={search_term_string}"},"query-input":{"@type":"PropertyValueSpecification","valueRequired":true,"valueName":"search_term_string"}}],"inLanguage":"es"}]}},"_links":{"self":[{"href":"https:\/\/farmanuario.com\/tendencias\/wp-json\/wp\/v2\/product\/46085","targetHints":{"allow":["GET"]}}],"collection":[{"href":"https:\/\/farmanuario.com\/tendencias\/wp-json\/wp\/v2\/product"}],"about":[{"href":"https:\/\/farmanuario.com\/tendencias\/wp-json\/wp\/v2\/types\/product"}],"replies":[{"embeddable":true,"href":"https:\/\/farmanuario.com\/tendencias\/wp-json\/wp\/v2\/comments?post=46085"}],"wp:featuredmedia":[{"embeddable":true,"href":"https:\/\/farmanuario.com\/tendencias\/wp-json\/wp\/v2\/media\/56703"}],"wp:attachment":[{"href":"https:\/\/farmanuario.com\/tendencias\/wp-json\/wp\/v2\/media?parent=46085"}],"wp:term":[{"taxonomy":"product_brand","embeddable":true,"href":"https:\/\/farmanuario.com\/tendencias\/wp-json\/wp\/v2\/product_brand?post=46085"},{"taxonomy":"product_cat","embeddable":true,"href":"https:\/\/farmanuario.com\/tendencias\/wp-json\/wp\/v2\/product_cat?post=46085"},{"taxonomy":"product_tag","embeddable":true,"href":"https:\/\/farmanuario.com\/tendencias\/wp-json\/wp\/v2\/product_tag?post=46085"}],"curies":[{"name":"wp","href":"https:\/\/api.w.org\/{rel}","templated":true}]}}