{"id":2494,"date":"2016-03-30T14:04:59","date_gmt":"2016-03-30T14:04:59","guid":{"rendered":"http:\/\/farmanuario.com\/producto\/farmanuario-vademecum-movil\/?lang=arg"},"modified":"2025-12-03T10:50:07","modified_gmt":"2025-12-03T10:50:07","slug":"farmanuario-vademecum-movil","status":"publish","type":"product","link":"https:\/\/farmanuario.com\/tendencias\/producto\/farmanuario-vademecum-movil\/?lang=arg","title":{"rendered":"Aplicaci\u00f3n para Smartphones y Dispositivos Android"},"content":{"rendered":"<p>Aplicaci\u00f3n que instala localmente las Bases de Datos de <strong>Farmanuario<\/strong> en el dispositivo y permite realizar consultas y b\u00fasquedas por marca, principio activo y por laboratorio.\u00a0No requiere de conexi\u00f3n a Internet para funcionar.<\/p>\n<p>Contiene informaci\u00f3n farmacol\u00f3gica y terap\u00e9utica actualizada sobre todos los medicamentos disponibles en el pa\u00eds (Uruguay), con sus precios de venta al p\u00fablico.<\/p>\n<p><strong>Farmanuario<\/strong> actualiza y respalda la labor de los profesionales de la salud, describiendo para cada Principio Activo las presentaciones comerciales y medicamentos similares disponibles en el pa\u00eds, junto a sus <strong><em>Indicaciones, Dosis, Reacciones Adversas, Interacciones <\/em><\/strong>y<strong><em> Farmacocin\u00e9tica<\/em><\/strong>. La informaci\u00f3n contenida en <strong>Farmanuario<\/strong> es de autor\u00eda propia, basada en fuentes bibliogr\u00e1ficas de referencia, producida y respaldada por un Comit\u00e9 Cient\u00edfico Internacional.<\/p>\n<p>El acceso a la informaci\u00f3n y las b\u00fasquedas se realiza:<\/p>\n<ul>\n<li>Por Marca o Nombre Comercial<\/li>\n<li>Por Principio Activo<\/li>\n<li>Por Laboratorio<\/li>\n<\/ul>\n<p><strong>Farmanuario Vadem\u00e9cum M\u00f3vil<\/strong> Conjuga el <em>Vadem\u00e9cum Nacional de Medicamentos<\/em> del pa\u00eds con la <em>Base de Informaci\u00f3n F\u00e1rmaco \u2013 Terap\u00e9utica<\/em> desarrollada por <strong>Farmanuario <\/strong>.<\/p>\n<p>Presenta adicionalmente:<\/p>\n<ul>\n<li>Un \u00cdndice de Empresas Farmac\u00e9uticas donde se describen los Productos de cada Laboratorio<\/li>\n<li>Informaci\u00f3n M\u00e9dica como Valores de Referencia en Laboratorio Cl\u00ednico<\/li>\n<\/ul>\n<p><strong>Farmanuario<\/strong> es un servicio profesional de informaci\u00f3n para M\u00e9dicos y Profesionales de la Salud.<\/p>\n<p>Constituye una herramienta moderna, potente y actualizada en forma permanente, que permite al usuario realizar sus consultas desde cualquier lugar en que se encuentre.<\/p>\n<p>La prescripci\u00f3n de medicamentos es un acto profesional reservado a M\u00e9dicos habilitados.<\/p>\n<p><strong>Farmanuario<\/strong> advierte contra el uso indebido de la informaci\u00f3n contenida en esta aplicaci\u00f3n.<\/p>\n","protected":false},"excerpt":{"rendered":"<p>Aplicaci\u00f3n que instala localmente las Bases de Datos de Farmanuario en el dispositivo y permite realizar consultas y b\u00fasquedas por marca, principio activo y por laboratorio.\u00a0No requiere de conexi\u00f3n a Internet para funcionar. Contiene informaci\u00f3n farmacol\u00f3gica y terap\u00e9utica actualizada sobre todos los medicamentos disponibles en el pa\u00eds (Uruguay), con sus precios de venta al p\u00fablico. [&hellip;]<\/p>\n","protected":false},"featured_media":54977,"comment_status":"open","ping_status":"closed","template":"","meta":{"_acf_changed":false,"_monsterinsights_skip_tracking":false,"_monsterinsights_sitenote_active":false,"_monsterinsights_sitenote_note":"","_monsterinsights_sitenote_category":0},"product_brand":[],"product_cat":[3653],"product_tag":[],"class_list":{"0":"post-2494","1":"product","2":"type-product","3":"status-publish","4":"has-post-thumbnail","6":"product_cat-productos-arg","8":"first","9":"instock","10":"featured","11":"shipping-taxable","12":"purchasable","13":"product-type-variable","14":"has-default-attributes"},"acf":[],"yoast_head":"<!-- This site is optimized with the Yoast SEO plugin v25.1 - https:\/\/yoast.com\/wordpress\/plugins\/seo\/ -->\n<title>Aplicaci\u00f3n para Smartphones y Dispositivos Android - Farmanuario<\/title>\n<meta name=\"robots\" content=\"index, follow, max-snippet:-1, max-image-preview:large, max-video-preview:-1\" \/>\n<link rel=\"canonical\" href=\"https:\/\/farmanuario.com\/tendencias\/producto\/farmanuario-vademecum-movil\/?lang=arg\" \/>\n<meta property=\"og:locale\" content=\"es_ES\" \/>\n<meta property=\"og:type\" content=\"article\" \/>\n<meta property=\"og:title\" content=\"Aplicaci\u00f3n para Smartphones y Dispositivos Android - Farmanuario\" \/>\n<meta property=\"og:description\" content=\"Aplicaci\u00f3n que instala localmente las Bases de Datos de Farmanuario en el dispositivo y permite realizar consultas y b\u00fasquedas por marca, principio activo y por laboratorio.\u00a0No requiere de conexi\u00f3n a Internet para funcionar. Contiene informaci\u00f3n farmacol\u00f3gica y terap\u00e9utica actualizada sobre todos los medicamentos disponibles en el pa\u00eds (Uruguay), con sus precios de venta al p\u00fablico. [&hellip;]\" \/>\n<meta property=\"og:url\" content=\"https:\/\/farmanuario.com\/tendencias\/producto\/farmanuario-vademecum-movil\/?lang=arg\" \/>\n<meta property=\"og:site_name\" content=\"Farmanuario\" \/>\n<meta property=\"article:modified_time\" content=\"2025-12-03T10:50:07+00:00\" \/>\n<meta property=\"og:image\" content=\"https:\/\/farmanuario.com\/tendencias\/wp-content\/uploads\/2016\/04\/Movil-Android.png\" \/>\n\t<meta property=\"og:image:width\" content=\"800\" \/>\n\t<meta property=\"og:image:height\" content=\"800\" \/>\n\t<meta property=\"og:image:type\" content=\"image\/png\" \/>\n<meta name=\"twitter:card\" content=\"summary_large_image\" \/>\n<meta name=\"twitter:label1\" content=\"Tiempo de lectura\" \/>\n\t<meta name=\"twitter:data1\" content=\"1 minuto\" \/>\n<script type=\"application\/ld+json\" class=\"yoast-schema-graph\">{\"@context\":\"https:\/\/schema.org\",\"@graph\":[{\"@type\":\"WebPage\",\"@id\":\"https:\/\/farmanuario.com\/tendencias\/producto\/farmanuario-vademecum-movil\/?lang=arg\",\"url\":\"https:\/\/farmanuario.com\/tendencias\/producto\/farmanuario-vademecum-movil\/?lang=arg\",\"name\":\"Aplicaci\u00f3n para Smartphones y Dispositivos Android - Farmanuario\",\"isPartOf\":{\"@id\":\"https:\/\/farmanuario.com\/tendencias\/#website\"},\"primaryImageOfPage\":{\"@id\":\"https:\/\/farmanuario.com\/tendencias\/producto\/farmanuario-vademecum-movil\/?lang=arg#primaryimage\"},\"image\":{\"@id\":\"https:\/\/farmanuario.com\/tendencias\/producto\/farmanuario-vademecum-movil\/?lang=arg#primaryimage\"},\"thumbnailUrl\":\"https:\/\/farmanuario.com\/tendencias\/wp-content\/uploads\/2016\/04\/Movil-Android.png\",\"datePublished\":\"2016-03-30T14:04:59+00:00\",\"dateModified\":\"2025-12-03T10:50:07+00:00\",\"breadcrumb\":{\"@id\":\"https:\/\/farmanuario.com\/tendencias\/producto\/farmanuario-vademecum-movil\/?lang=arg#breadcrumb\"},\"inLanguage\":\"es\",\"potentialAction\":[{\"@type\":\"ReadAction\",\"target\":[\"https:\/\/farmanuario.com\/tendencias\/producto\/farmanuario-vademecum-movil\/?lang=arg\"]}]},{\"@type\":\"ImageObject\",\"inLanguage\":\"es\",\"@id\":\"https:\/\/farmanuario.com\/tendencias\/producto\/farmanuario-vademecum-movil\/?lang=arg#primaryimage\",\"url\":\"https:\/\/farmanuario.com\/tendencias\/wp-content\/uploads\/2016\/04\/Movil-Android.png\",\"contentUrl\":\"https:\/\/farmanuario.com\/tendencias\/wp-content\/uploads\/2016\/04\/Movil-Android.png\",\"width\":800,\"height\":800},{\"@type\":\"BreadcrumbList\",\"@id\":\"https:\/\/farmanuario.com\/tendencias\/producto\/farmanuario-vademecum-movil\/?lang=arg#breadcrumb\",\"itemListElement\":[{\"@type\":\"ListItem\",\"position\":1,\"name\":\"Portada\",\"item\":\"https:\/\/farmanuario.com\/tendencias\/\"},{\"@type\":\"ListItem\",\"position\":2,\"name\":\"Nuestros Productos\",\"item\":\"https:\/\/farmanuario.com\/tendencias\/tienda-de-farmanuario-4\/\"},{\"@type\":\"ListItem\",\"position\":3,\"name\":\"Aplicaci\u00f3n para Smartphones y Dispositivos Android\"}]},{\"@type\":\"WebSite\",\"@id\":\"https:\/\/farmanuario.com\/tendencias\/#website\",\"url\":\"https:\/\/farmanuario.com\/tendencias\/\",\"name\":\"Farmanuario\",\"description\":\"Informaci\u00f3n sobre Farmacos y Medicamentos\",\"potentialAction\":[{\"@type\":\"SearchAction\",\"target\":{\"@type\":\"EntryPoint\",\"urlTemplate\":\"https:\/\/farmanuario.com\/tendencias\/?s={search_term_string}\"},\"query-input\":{\"@type\":\"PropertyValueSpecification\",\"valueRequired\":true,\"valueName\":\"search_term_string\"}}],\"inLanguage\":\"es\"}]}<\/script>\n<!-- \/ Yoast SEO plugin. -->","yoast_head_json":{"title":"Aplicaci\u00f3n para Smartphones y Dispositivos Android - Farmanuario","robots":{"index":"index","follow":"follow","max-snippet":"max-snippet:-1","max-image-preview":"max-image-preview:large","max-video-preview":"max-video-preview:-1"},"canonical":"https:\/\/farmanuario.com\/tendencias\/producto\/farmanuario-vademecum-movil\/?lang=arg","og_locale":"es_ES","og_type":"article","og_title":"Aplicaci\u00f3n para Smartphones y Dispositivos Android - Farmanuario","og_description":"Aplicaci\u00f3n que instala localmente las Bases de Datos de Farmanuario en el dispositivo y permite realizar consultas y b\u00fasquedas por marca, principio activo y por laboratorio.\u00a0No requiere de conexi\u00f3n a Internet para funcionar. Contiene informaci\u00f3n farmacol\u00f3gica y terap\u00e9utica actualizada sobre todos los medicamentos disponibles en el pa\u00eds (Uruguay), con sus precios de venta al p\u00fablico. [&hellip;]","og_url":"https:\/\/farmanuario.com\/tendencias\/producto\/farmanuario-vademecum-movil\/?lang=arg","og_site_name":"Farmanuario","article_modified_time":"2025-12-03T10:50:07+00:00","og_image":[{"width":800,"height":800,"url":"https:\/\/farmanuario.com\/tendencias\/wp-content\/uploads\/2016\/04\/Movil-Android.png","type":"image\/png"}],"twitter_card":"summary_large_image","twitter_misc":{"Tiempo de lectura":"1 minuto"},"schema":{"@context":"https:\/\/schema.org","@graph":[{"@type":"WebPage","@id":"https:\/\/farmanuario.com\/tendencias\/producto\/farmanuario-vademecum-movil\/?lang=arg","url":"https:\/\/farmanuario.com\/tendencias\/producto\/farmanuario-vademecum-movil\/?lang=arg","name":"Aplicaci\u00f3n para Smartphones y Dispositivos Android - Farmanuario","isPartOf":{"@id":"https:\/\/farmanuario.com\/tendencias\/#website"},"primaryImageOfPage":{"@id":"https:\/\/farmanuario.com\/tendencias\/producto\/farmanuario-vademecum-movil\/?lang=arg#primaryimage"},"image":{"@id":"https:\/\/farmanuario.com\/tendencias\/producto\/farmanuario-vademecum-movil\/?lang=arg#primaryimage"},"thumbnailUrl":"https:\/\/farmanuario.com\/tendencias\/wp-content\/uploads\/2016\/04\/Movil-Android.png","datePublished":"2016-03-30T14:04:59+00:00","dateModified":"2025-12-03T10:50:07+00:00","breadcrumb":{"@id":"https:\/\/farmanuario.com\/tendencias\/producto\/farmanuario-vademecum-movil\/?lang=arg#breadcrumb"},"inLanguage":"es","potentialAction":[{"@type":"ReadAction","target":["https:\/\/farmanuario.com\/tendencias\/producto\/farmanuario-vademecum-movil\/?lang=arg"]}]},{"@type":"ImageObject","inLanguage":"es","@id":"https:\/\/farmanuario.com\/tendencias\/producto\/farmanuario-vademecum-movil\/?lang=arg#primaryimage","url":"https:\/\/farmanuario.com\/tendencias\/wp-content\/uploads\/2016\/04\/Movil-Android.png","contentUrl":"https:\/\/farmanuario.com\/tendencias\/wp-content\/uploads\/2016\/04\/Movil-Android.png","width":800,"height":800},{"@type":"BreadcrumbList","@id":"https:\/\/farmanuario.com\/tendencias\/producto\/farmanuario-vademecum-movil\/?lang=arg#breadcrumb","itemListElement":[{"@type":"ListItem","position":1,"name":"Portada","item":"https:\/\/farmanuario.com\/tendencias\/"},{"@type":"ListItem","position":2,"name":"Nuestros Productos","item":"https:\/\/farmanuario.com\/tendencias\/tienda-de-farmanuario-4\/"},{"@type":"ListItem","position":3,"name":"Aplicaci\u00f3n para Smartphones y Dispositivos Android"}]},{"@type":"WebSite","@id":"https:\/\/farmanuario.com\/tendencias\/#website","url":"https:\/\/farmanuario.com\/tendencias\/","name":"Farmanuario","description":"Informaci\u00f3n sobre Farmacos y Medicamentos","potentialAction":[{"@type":"SearchAction","target":{"@type":"EntryPoint","urlTemplate":"https:\/\/farmanuario.com\/tendencias\/?s={search_term_string}"},"query-input":{"@type":"PropertyValueSpecification","valueRequired":true,"valueName":"search_term_string"}}],"inLanguage":"es"}]}},"_links":{"self":[{"href":"https:\/\/farmanuario.com\/tendencias\/wp-json\/wp\/v2\/product\/2494","targetHints":{"allow":["GET"]}}],"collection":[{"href":"https:\/\/farmanuario.com\/tendencias\/wp-json\/wp\/v2\/product"}],"about":[{"href":"https:\/\/farmanuario.com\/tendencias\/wp-json\/wp\/v2\/types\/product"}],"replies":[{"embeddable":true,"href":"https:\/\/farmanuario.com\/tendencias\/wp-json\/wp\/v2\/comments?post=2494"}],"wp:featuredmedia":[{"embeddable":true,"href":"https:\/\/farmanuario.com\/tendencias\/wp-json\/wp\/v2\/media\/54977"}],"wp:attachment":[{"href":"https:\/\/farmanuario.com\/tendencias\/wp-json\/wp\/v2\/media?parent=2494"}],"wp:term":[{"taxonomy":"product_brand","embeddable":true,"href":"https:\/\/farmanuario.com\/tendencias\/wp-json\/wp\/v2\/product_brand?post=2494"},{"taxonomy":"product_cat","embeddable":true,"href":"https:\/\/farmanuario.com\/tendencias\/wp-json\/wp\/v2\/product_cat?post=2494"},{"taxonomy":"product_tag","embeddable":true,"href":"https:\/\/farmanuario.com\/tendencias\/wp-json\/wp\/v2\/product_tag?post=2494"}],"curies":[{"name":"wp","href":"https:\/\/api.w.org\/{rel}","templated":true}]}}