{"id":37708,"date":"2020-01-10T15:50:45","date_gmt":"2020-01-10T15:50:45","guid":{"rendered":"https:\/\/farmanuario.com\/?page_id=37708"},"modified":"2025-07-21T14:38:57","modified_gmt":"2025-07-21T14:38:57","slug":"sim-reg","status":"publish","type":"page","link":"https:\/\/farmanuario.com\/tendencias\/sim-reg\/","title":{"rendered":"Sim &#8211; Sistema de Informaci\u00f3n de Medicamentos"},"content":{"rendered":"<p>[vc_row][vc_column width=\u00bb1\/6&#8243;][\/vc_column][vc_column width=\u00bb2\/3&#8243;][vc_single_image image=\u00bb44740&#8243; img_size=\u00bbfull\u00bb alignment=\u00bbcenter\u00bb onclick=\u00bbcustom_link\u00bb img_link_target=\u00bb_blank\u00bb link=\u00bbhttp:\/\/sim.farmanuario.com\/\u00bb][\/vc_column][vc_column width=\u00bb1\/6&#8243;][\/vc_column][\/vc_row][vc_row][vc_column width=\u00bb1\/6&#8243;][\/vc_column][vc_column width=\u00bb2\/3&#8243; css=\u00bb.vc_custom_1580158270781{background-color: #e8e8e8 !important;}\u00bb][vc_column_text css=\u00bb.vc_custom_1580158252432{background-color: #e8e8e8 !important;}\u00bb]<\/p>\r\n<blockquote>\r\n<p class=\"wp-block-preformatted\" style=\"margin: 0cm 0cm 7.5pt 0cm\">Cada comprador de Farmanuario 2020 recibe una licencia del <strong>SIM <\/strong>que le permite acceder desde su PC, Mac o notebook, a la informaci\u00f3n farmacol\u00f3gica y terap\u00e9utica de Farmanuario ampliada, con el precio de los medicamentos.<\/p>\r\n<p class=\"wp-block-preformatted\" style=\"margin: 0cm 0cm 7.5pt 0cm\"><strong>Ingrese sus datos y el c\u00f3digo que se encuentra en la faja de su ejemplar de Farmanuario 2020.<\/strong><\/p>\r\n<\/blockquote>\r\n<p>[\/vc_column_text]\n<div class=\"wpcf7 no-js\" id=\"wpcf7-f37532-o1\" lang=\"es-ES\" dir=\"ltr\" data-wpcf7-id=\"37532\">\n<div class=\"screen-reader-response\"><p role=\"status\" aria-live=\"polite\" aria-atomic=\"true\"><\/p> <ul><\/ul><\/div>\n<form action=\"\/tendencias\/wp-json\/wp\/v2\/pages\/37708#wpcf7-f37532-o1\" method=\"post\" class=\"wpcf7-form init\" aria-label=\"Formulario de contacto\" novalidate=\"novalidate\" data-status=\"init\">\n<div style=\"display: none;\">\n<input type=\"hidden\" name=\"_wpcf7\" value=\"37532\" \/>\n<input type=\"hidden\" name=\"_wpcf7_version\" value=\"6.0.6\" \/>\n<input type=\"hidden\" name=\"_wpcf7_locale\" value=\"es_ES\" \/>\n<input type=\"hidden\" name=\"_wpcf7_unit_tag\" value=\"wpcf7-f37532-o1\" \/>\n<input type=\"hidden\" name=\"_wpcf7_container_post\" value=\"0\" \/>\n<input type=\"hidden\" name=\"_wpcf7_posted_data_hash\" value=\"\" \/>\n<input type=\"hidden\" name=\"_wpcf7_recaptcha_response\" value=\"\" \/>\n<\/div>\n<p><span class=\"wpcf7-form-control-wrap\" data-name=\"Nombre\"><input size=\"40\" maxlength=\"400\" class=\"wpcf7-form-control wpcf7-text wpcf7-validates-as-required text\" id=\"1\" aria-required=\"true\" aria-invalid=\"false\" placeholder=\"Ingrese su nombre\" value=\"\" type=\"text\" name=\"Nombre\" \/><\/span>\n<\/p>\n<p><span class=\"wpcf7-form-control-wrap\" data-name=\"Apellido\"><input size=\"40\" maxlength=\"400\" class=\"wpcf7-form-control wpcf7-text wpcf7-validates-as-required text\" id=\"2\" aria-required=\"true\" aria-invalid=\"false\" placeholder=\"Ingrese su apellido\" value=\"\" type=\"text\" name=\"Apellido\" \/><\/span>\n<\/p>\n<p><span class=\"wpcf7-form-control-wrap\" data-name=\"email-854\"><input size=\"40\" maxlength=\"400\" class=\"wpcf7-form-control wpcf7-email wpcf7-validates-as-required wpcf7-text wpcf7-validates-as-email email\" id=\"3\" aria-required=\"true\" aria-invalid=\"false\" placeholder=\"Ingrese una cuenta de email activa\" value=\"\" type=\"email\" name=\"email-854\" \/><\/span>\n<\/p>\n<p><span class=\"wpcf7-form-control-wrap\" data-name=\"Cdigo\"><input size=\"40\" maxlength=\"400\" class=\"wpcf7-form-control wpcf7-text wpcf7-validates-as-required text\" id=\"4\" aria-required=\"true\" aria-invalid=\"false\" placeholder=\"C\u00f3digo impreso en la faja de Farmanuario 2020\" value=\"\" type=\"text\" name=\"Cdigo\" \/><\/span>\n<\/p>\n<p><input class=\"wpcf7-form-control wpcf7-submit has-spinner\" type=\"submit\" value=\"Enviar\" \/>\n<\/p><div class=\"wpcf7-response-output\" aria-hidden=\"true\"><\/div>\n<\/form>\n<\/div>\n[vc_column_text]<\/p>\r\n<p>&nbsp;<\/p>\r\n<p style=\"text-align: center\">Un vez que se registre, recibir\u00e1 un mail con la confirmaci\u00f3n de la activaci\u00f3n<br \/>y podr\u00e1 acceder al <strong>SIM<\/strong> por 3 meses en forma gratuita.<br \/><a href=\"http:\/\/sim.farmanuario.com\">sim.farmanuario.com<\/a><\/p>\r\n<h3 style=\"text-align: center\"><strong>\u00a1Gracias por su preferencia y fidelidad!\u00a0<\/strong><\/h3>\r\n<h3 style=\"text-align: center\"><em>\u00a1Farmanuario, 30 a\u00f1os al servicio de la salud!<\/em><\/h3>\r\n<h3 style=\"text-align: center\"><strong>Sistema de Informaci\u00f3n de Medicamentos:<\/strong><\/h3>\r\n<h4 style=\"text-align: center\"><strong>un nuevo servicio con la calidad que caracteriza a Farmanuario.<\/strong><\/h4>\r\n<p style=\"text-align: center\">Mant\u00e9ngase actualizado con lanzamientos, indicaciones y precios de los medicamentos.<\/p>\r\n<p>[\/vc_column_text][\/vc_column][vc_column width=\u00bb1\/6&#8243;][\/vc_column][\/vc_row]<\/p>","protected":false},"excerpt":{"rendered":"<p>[vc_row][vc_column width=\u00bb1\/6&#8243;][\/vc_column][vc_column width=\u00bb2\/3&#8243;][vc_single_image image=\u00bb44740&#8243; img_size=\u00bbfull\u00bb alignment=\u00bbcenter\u00bb onclick=\u00bbcustom_link\u00bb img_link_target=\u00bb_blank\u00bb link=\u00bbhttp:\/\/sim.farmanuario.com\/\u00bb][\/vc_column][vc_column width=\u00bb1\/6&#8243;][\/vc_column][\/vc_row][vc_row][vc_column width=\u00bb1\/6&#8243;][\/vc_column][vc_column width=\u00bb2\/3&#8243; css=\u00bb.vc_custom_1580158270781{background-color: #e8e8e8 !important;}\u00bb][vc_column_text css=\u00bb.vc_custom_1580158252432{background-color: #e8e8e8 !important;}\u00bb] Cada comprador de Farmanuario 2020 recibe una licencia del SIM que le permite acceder desde su PC, Mac o notebook, a la informaci\u00f3n farmacol\u00f3gica y terap\u00e9utica de Farmanuario ampliada, con el precio de los medicamentos. Ingrese sus [&hellip;]<\/p>\n","protected":false},"author":1,"featured_media":0,"parent":0,"menu_order":0,"comment_status":"closed","ping_status":"closed","template":"","meta":{"_acf_changed":false,"_monsterinsights_skip_tracking":false,"_monsterinsights_sitenote_active":false,"_monsterinsights_sitenote_note":"","_monsterinsights_sitenote_category":0,"footnotes":""},"class_list":["post-37708","page","type-page","status-publish","hentry"],"acf":[],"yoast_head":"<!-- This site is optimized with the Yoast SEO plugin v25.1 - https:\/\/yoast.com\/wordpress\/plugins\/seo\/ -->\n<title>Sim - Sistema de Informaci\u00f3n de Medicamentos - Farmanuario<\/title>\n<meta name=\"robots\" content=\"index, follow, max-snippet:-1, max-image-preview:large, max-video-preview:-1\" \/>\n<link rel=\"canonical\" href=\"https:\/\/farmanuario.com\/tendencias\/sim-reg\/\" \/>\n<meta property=\"og:locale\" content=\"es_ES\" \/>\n<meta property=\"og:type\" content=\"article\" \/>\n<meta property=\"og:title\" content=\"Sim - Sistema de Informaci\u00f3n de Medicamentos - Farmanuario\" \/>\n<meta property=\"og:description\" content=\"[vc_row][vc_column width=\u00bb1\/6&#8243;][\/vc_column][vc_column width=\u00bb2\/3&#8243;][vc_single_image image=\u00bb44740&#8243; img_size=\u00bbfull\u00bb alignment=\u00bbcenter\u00bb onclick=\u00bbcustom_link\u00bb img_link_target=\u00bb_blank\u00bb link=\u00bbhttp:\/\/sim.farmanuario.com\/\u00bb][\/vc_column][vc_column width=\u00bb1\/6&#8243;][\/vc_column][\/vc_row][vc_row][vc_column width=\u00bb1\/6&#8243;][\/vc_column][vc_column width=\u00bb2\/3&#8243; css=\u00bb.vc_custom_1580158270781{background-color: #e8e8e8 !important;}\u00bb][vc_column_text css=\u00bb.vc_custom_1580158252432{background-color: #e8e8e8 !important;}\u00bb] Cada comprador de Farmanuario 2020 recibe una licencia del SIM que le permite acceder desde su PC, Mac o notebook, a la informaci\u00f3n farmacol\u00f3gica y terap\u00e9utica de Farmanuario ampliada, con el precio de los medicamentos. Ingrese sus [&hellip;]\" \/>\n<meta property=\"og:url\" content=\"https:\/\/farmanuario.com\/tendencias\/sim-reg\/\" \/>\n<meta property=\"og:site_name\" content=\"Farmanuario\" \/>\n<meta property=\"article:modified_time\" content=\"2025-07-21T14:38:57+00:00\" \/>\n<meta name=\"twitter:card\" content=\"summary_large_image\" \/>\n<meta name=\"twitter:label1\" content=\"Tiempo de lectura\" \/>\n\t<meta name=\"twitter:data1\" content=\"1 minuto\" \/>\n<script type=\"application\/ld+json\" class=\"yoast-schema-graph\">{\"@context\":\"https:\/\/schema.org\",\"@graph\":[{\"@type\":\"WebPage\",\"@id\":\"https:\/\/farmanuario.com\/tendencias\/sim-reg\/\",\"url\":\"https:\/\/farmanuario.com\/tendencias\/sim-reg\/\",\"name\":\"Sim - Sistema de Informaci\u00f3n de Medicamentos - Farmanuario\",\"isPartOf\":{\"@id\":\"https:\/\/farmanuario.com\/tendencias\/#website\"},\"datePublished\":\"2020-01-10T15:50:45+00:00\",\"dateModified\":\"2025-07-21T14:38:57+00:00\",\"breadcrumb\":{\"@id\":\"https:\/\/farmanuario.com\/tendencias\/sim-reg\/#breadcrumb\"},\"inLanguage\":\"es\",\"potentialAction\":[{\"@type\":\"ReadAction\",\"target\":[\"https:\/\/farmanuario.com\/tendencias\/sim-reg\/\"]}]},{\"@type\":\"BreadcrumbList\",\"@id\":\"https:\/\/farmanuario.com\/tendencias\/sim-reg\/#breadcrumb\",\"itemListElement\":[{\"@type\":\"ListItem\",\"position\":1,\"name\":\"Portada\",\"item\":\"https:\/\/farmanuario.com\/tendencias\/\"},{\"@type\":\"ListItem\",\"position\":2,\"name\":\"Sim &#8211; Sistema de Informaci\u00f3n de Medicamentos\"}]},{\"@type\":\"WebSite\",\"@id\":\"https:\/\/farmanuario.com\/tendencias\/#website\",\"url\":\"https:\/\/farmanuario.com\/tendencias\/\",\"name\":\"Farmanuario\",\"description\":\"Informaci\u00f3n sobre Farmacos y Medicamentos\",\"potentialAction\":[{\"@type\":\"SearchAction\",\"target\":{\"@type\":\"EntryPoint\",\"urlTemplate\":\"https:\/\/farmanuario.com\/tendencias\/?s={search_term_string}\"},\"query-input\":{\"@type\":\"PropertyValueSpecification\",\"valueRequired\":true,\"valueName\":\"search_term_string\"}}],\"inLanguage\":\"es\"}]}<\/script>\n<!-- \/ Yoast SEO plugin. -->","yoast_head_json":{"title":"Sim - Sistema de Informaci\u00f3n de Medicamentos - Farmanuario","robots":{"index":"index","follow":"follow","max-snippet":"max-snippet:-1","max-image-preview":"max-image-preview:large","max-video-preview":"max-video-preview:-1"},"canonical":"https:\/\/farmanuario.com\/tendencias\/sim-reg\/","og_locale":"es_ES","og_type":"article","og_title":"Sim - Sistema de Informaci\u00f3n de Medicamentos - Farmanuario","og_description":"[vc_row][vc_column width=\u00bb1\/6&#8243;][\/vc_column][vc_column width=\u00bb2\/3&#8243;][vc_single_image image=\u00bb44740&#8243; img_size=\u00bbfull\u00bb alignment=\u00bbcenter\u00bb onclick=\u00bbcustom_link\u00bb img_link_target=\u00bb_blank\u00bb link=\u00bbhttp:\/\/sim.farmanuario.com\/\u00bb][\/vc_column][vc_column width=\u00bb1\/6&#8243;][\/vc_column][\/vc_row][vc_row][vc_column width=\u00bb1\/6&#8243;][\/vc_column][vc_column width=\u00bb2\/3&#8243; css=\u00bb.vc_custom_1580158270781{background-color: #e8e8e8 !important;}\u00bb][vc_column_text css=\u00bb.vc_custom_1580158252432{background-color: #e8e8e8 !important;}\u00bb] Cada comprador de Farmanuario 2020 recibe una licencia del SIM que le permite acceder desde su PC, Mac o notebook, a la informaci\u00f3n farmacol\u00f3gica y terap\u00e9utica de Farmanuario ampliada, con el precio de los medicamentos. Ingrese sus [&hellip;]","og_url":"https:\/\/farmanuario.com\/tendencias\/sim-reg\/","og_site_name":"Farmanuario","article_modified_time":"2025-07-21T14:38:57+00:00","twitter_card":"summary_large_image","twitter_misc":{"Tiempo de lectura":"1 minuto"},"schema":{"@context":"https:\/\/schema.org","@graph":[{"@type":"WebPage","@id":"https:\/\/farmanuario.com\/tendencias\/sim-reg\/","url":"https:\/\/farmanuario.com\/tendencias\/sim-reg\/","name":"Sim - Sistema de Informaci\u00f3n de Medicamentos - Farmanuario","isPartOf":{"@id":"https:\/\/farmanuario.com\/tendencias\/#website"},"datePublished":"2020-01-10T15:50:45+00:00","dateModified":"2025-07-21T14:38:57+00:00","breadcrumb":{"@id":"https:\/\/farmanuario.com\/tendencias\/sim-reg\/#breadcrumb"},"inLanguage":"es","potentialAction":[{"@type":"ReadAction","target":["https:\/\/farmanuario.com\/tendencias\/sim-reg\/"]}]},{"@type":"BreadcrumbList","@id":"https:\/\/farmanuario.com\/tendencias\/sim-reg\/#breadcrumb","itemListElement":[{"@type":"ListItem","position":1,"name":"Portada","item":"https:\/\/farmanuario.com\/tendencias\/"},{"@type":"ListItem","position":2,"name":"Sim &#8211; Sistema de Informaci\u00f3n de Medicamentos"}]},{"@type":"WebSite","@id":"https:\/\/farmanuario.com\/tendencias\/#website","url":"https:\/\/farmanuario.com\/tendencias\/","name":"Farmanuario","description":"Informaci\u00f3n sobre Farmacos y Medicamentos","potentialAction":[{"@type":"SearchAction","target":{"@type":"EntryPoint","urlTemplate":"https:\/\/farmanuario.com\/tendencias\/?s={search_term_string}"},"query-input":{"@type":"PropertyValueSpecification","valueRequired":true,"valueName":"search_term_string"}}],"inLanguage":"es"}]}},"_links":{"self":[{"href":"https:\/\/farmanuario.com\/tendencias\/wp-json\/wp\/v2\/pages\/37708","targetHints":{"allow":["GET"]}}],"collection":[{"href":"https:\/\/farmanuario.com\/tendencias\/wp-json\/wp\/v2\/pages"}],"about":[{"href":"https:\/\/farmanuario.com\/tendencias\/wp-json\/wp\/v2\/types\/page"}],"author":[{"embeddable":true,"href":"https:\/\/farmanuario.com\/tendencias\/wp-json\/wp\/v2\/users\/1"}],"replies":[{"embeddable":true,"href":"https:\/\/farmanuario.com\/tendencias\/wp-json\/wp\/v2\/comments?post=37708"}],"version-history":[{"count":48,"href":"https:\/\/farmanuario.com\/tendencias\/wp-json\/wp\/v2\/pages\/37708\/revisions"}],"predecessor-version":[{"id":57040,"href":"https:\/\/farmanuario.com\/tendencias\/wp-json\/wp\/v2\/pages\/37708\/revisions\/57040"}],"wp:attachment":[{"href":"https:\/\/farmanuario.com\/tendencias\/wp-json\/wp\/v2\/media?parent=37708"}],"curies":[{"name":"wp","href":"https:\/\/api.w.org\/{rel}","templated":true}]}}