{"id":2367,"date":"2016-03-30T15:34:17","date_gmt":"2016-03-30T15:34:17","guid":{"rendered":"http:\/\/farmanuario.com\/terminos-del-servicio\/?lang=py"},"modified":"2025-07-21T14:39:00","modified_gmt":"2025-07-21T14:39:00","slug":"terminos-del-servicio-3","status":"publish","type":"page","link":"https:\/\/farmanuario.com\/tendencias\/terminos-del-servicio-3\/?lang=py","title":{"rendered":"T\u00e9rminos del Servicio"},"content":{"rendered":"<p>[vc_row][vc_column][vc_column_text]<\/p>\n<p><span style=\"font-weight: 400\">Al acceder o usar nuestros servicios, aceptas los siguientes t\u00e9rminos:<\/span><\/p>\n<ol>\n<li style=\"font-weight: 400\"><b>Uso del Sitio<\/b><span style=\"font-weight: 400\"><br \/>\n<\/span><span style=\"font-weight: 400\">Farmanuario proporciona informaci\u00f3n t\u00e9cnica sobre medicamentos. El contenido es solo para fines informativos y no reemplaza la asesor\u00eda m\u00e9dica profesional.<\/span><\/li>\n<li style=\"font-weight: 400\"><b>Propiedad Intelectual<\/b><span style=\"font-weight: 400\"><br \/>\n<\/span><span style=\"font-weight: 400\">Todo el contenido del sitio, incluyendo textos, gr\u00e1ficos y software, es propiedad de Farmanuario o sus licenciantes. Est\u00e1 prohibida su reproducci\u00f3n sin autorizaci\u00f3n.<\/span><\/li>\n<li style=\"font-weight: 400\"><b>Responsabilidad Limitada<\/b><span style=\"font-weight: 400\"><br \/>\n<\/span><span style=\"font-weight: 400\">Farmanuario no se responsabiliza por da\u00f1os derivados del uso de la informaci\u00f3n.<\/span><\/li>\n<li style=\"font-weight: 400\"><b>Privacidad<\/b><span style=\"font-weight: 400\"><br \/>\n<\/span><span style=\"font-weight: 400\">Tu informaci\u00f3n personal ser\u00e1 manejada conforme a nuestra Pol\u00edtica de Privacidad.<\/span><\/li>\n<\/ol>\n<p style=\"text-align: left\"><b>Modificaciones<\/b><span style=\"font-weight: 400\"><br \/>\n<\/span><span style=\"font-weight: 400\">Nos reservamos el derecho de modificar estos t\u00e9rminos en cualquier momento.<\/span><\/p>\n<h5 style=\"text-align: left\"><\/h5>\n<p>[\/vc_column_text][\/vc_column][\/vc_row]<\/p>\n","protected":false},"excerpt":{"rendered":"<p>[vc_row][vc_column][vc_column_text] Al acceder o usar nuestros servicios, aceptas los siguientes t\u00e9rminos: Uso del Sitio Farmanuario proporciona informaci\u00f3n t\u00e9cnica sobre medicamentos. El contenido es solo para fines informativos y no reemplaza la asesor\u00eda m\u00e9dica profesional. Propiedad Intelectual Todo el contenido del sitio, incluyendo textos, gr\u00e1ficos y software, es propiedad de Farmanuario o sus licenciantes. Est\u00e1 prohibida [&hellip;]<\/p>\n","protected":false},"author":1,"featured_media":0,"parent":0,"menu_order":0,"comment_status":"closed","ping_status":"closed","template":"template-farmanuario.php","meta":{"_acf_changed":false,"_monsterinsights_skip_tracking":false,"_monsterinsights_sitenote_active":false,"_monsterinsights_sitenote_note":"","_monsterinsights_sitenote_category":0,"footnotes":""},"class_list":["post-2367","page","type-page","status-publish","hentry"],"acf":[],"yoast_head":"<!-- This site is optimized with the Yoast SEO plugin v25.1 - https:\/\/yoast.com\/wordpress\/plugins\/seo\/ -->\n<title>T\u00e9rminos del Servicio - Farmanuario<\/title>\n<meta name=\"robots\" content=\"index, follow, max-snippet:-1, max-image-preview:large, max-video-preview:-1\" \/>\n<link rel=\"canonical\" href=\"https:\/\/farmanuario.com\/tendencias\/terminos-del-servicio-3\/?lang=py\" \/>\n<meta property=\"og:locale\" content=\"es_ES\" \/>\n<meta property=\"og:type\" content=\"article\" \/>\n<meta property=\"og:title\" content=\"T\u00e9rminos del Servicio - Farmanuario\" \/>\n<meta property=\"og:description\" content=\"[vc_row][vc_column][vc_column_text] Al acceder o usar nuestros servicios, aceptas los siguientes t\u00e9rminos: Uso del Sitio Farmanuario proporciona informaci\u00f3n t\u00e9cnica sobre medicamentos. El contenido es solo para fines informativos y no reemplaza la asesor\u00eda m\u00e9dica profesional. Propiedad Intelectual Todo el contenido del sitio, incluyendo textos, gr\u00e1ficos y software, es propiedad de Farmanuario o sus licenciantes. Est\u00e1 prohibida [&hellip;]\" \/>\n<meta property=\"og:url\" content=\"https:\/\/farmanuario.com\/tendencias\/terminos-del-servicio-3\/?lang=py\" \/>\n<meta property=\"og:site_name\" content=\"Farmanuario\" \/>\n<meta property=\"article:modified_time\" content=\"2025-07-21T14:39:00+00:00\" \/>\n<meta name=\"twitter:card\" content=\"summary_large_image\" \/>\n<meta name=\"twitter:label1\" content=\"Tiempo de lectura\" \/>\n\t<meta name=\"twitter:data1\" content=\"1 minuto\" \/>\n<script type=\"application\/ld+json\" class=\"yoast-schema-graph\">{\"@context\":\"https:\/\/schema.org\",\"@graph\":[{\"@type\":\"WebPage\",\"@id\":\"https:\/\/farmanuario.com\/tendencias\/terminos-del-servicio-3\/?lang=py\",\"url\":\"https:\/\/farmanuario.com\/tendencias\/terminos-del-servicio-3\/?lang=py\",\"name\":\"T\u00e9rminos del Servicio - Farmanuario\",\"isPartOf\":{\"@id\":\"https:\/\/farmanuario.com\/tendencias\/#website\"},\"datePublished\":\"2016-03-30T15:34:17+00:00\",\"dateModified\":\"2025-07-21T14:39:00+00:00\",\"breadcrumb\":{\"@id\":\"https:\/\/farmanuario.com\/tendencias\/terminos-del-servicio-3\/?lang=py#breadcrumb\"},\"inLanguage\":\"es\",\"potentialAction\":[{\"@type\":\"ReadAction\",\"target\":[\"https:\/\/farmanuario.com\/tendencias\/terminos-del-servicio-3\/?lang=py\"]}]},{\"@type\":\"BreadcrumbList\",\"@id\":\"https:\/\/farmanuario.com\/tendencias\/terminos-del-servicio-3\/?lang=py#breadcrumb\",\"itemListElement\":[{\"@type\":\"ListItem\",\"position\":1,\"name\":\"Portada\",\"item\":\"https:\/\/farmanuario.com\/tendencias\/\"},{\"@type\":\"ListItem\",\"position\":2,\"name\":\"T\u00e9rminos del Servicio\"}]},{\"@type\":\"WebSite\",\"@id\":\"https:\/\/farmanuario.com\/tendencias\/#website\",\"url\":\"https:\/\/farmanuario.com\/tendencias\/\",\"name\":\"Farmanuario\",\"description\":\"Informaci\u00f3n sobre Farmacos y Medicamentos\",\"potentialAction\":[{\"@type\":\"SearchAction\",\"target\":{\"@type\":\"EntryPoint\",\"urlTemplate\":\"https:\/\/farmanuario.com\/tendencias\/?s={search_term_string}\"},\"query-input\":{\"@type\":\"PropertyValueSpecification\",\"valueRequired\":true,\"valueName\":\"search_term_string\"}}],\"inLanguage\":\"es\"}]}<\/script>\n<!-- \/ Yoast SEO plugin. -->","yoast_head_json":{"title":"T\u00e9rminos del Servicio - Farmanuario","robots":{"index":"index","follow":"follow","max-snippet":"max-snippet:-1","max-image-preview":"max-image-preview:large","max-video-preview":"max-video-preview:-1"},"canonical":"https:\/\/farmanuario.com\/tendencias\/terminos-del-servicio-3\/?lang=py","og_locale":"es_ES","og_type":"article","og_title":"T\u00e9rminos del Servicio - Farmanuario","og_description":"[vc_row][vc_column][vc_column_text] Al acceder o usar nuestros servicios, aceptas los siguientes t\u00e9rminos: Uso del Sitio Farmanuario proporciona informaci\u00f3n t\u00e9cnica sobre medicamentos. El contenido es solo para fines informativos y no reemplaza la asesor\u00eda m\u00e9dica profesional. Propiedad Intelectual Todo el contenido del sitio, incluyendo textos, gr\u00e1ficos y software, es propiedad de Farmanuario o sus licenciantes. Est\u00e1 prohibida [&hellip;]","og_url":"https:\/\/farmanuario.com\/tendencias\/terminos-del-servicio-3\/?lang=py","og_site_name":"Farmanuario","article_modified_time":"2025-07-21T14:39:00+00:00","twitter_card":"summary_large_image","twitter_misc":{"Tiempo de lectura":"1 minuto"},"schema":{"@context":"https:\/\/schema.org","@graph":[{"@type":"WebPage","@id":"https:\/\/farmanuario.com\/tendencias\/terminos-del-servicio-3\/?lang=py","url":"https:\/\/farmanuario.com\/tendencias\/terminos-del-servicio-3\/?lang=py","name":"T\u00e9rminos del Servicio - Farmanuario","isPartOf":{"@id":"https:\/\/farmanuario.com\/tendencias\/#website"},"datePublished":"2016-03-30T15:34:17+00:00","dateModified":"2025-07-21T14:39:00+00:00","breadcrumb":{"@id":"https:\/\/farmanuario.com\/tendencias\/terminos-del-servicio-3\/?lang=py#breadcrumb"},"inLanguage":"es","potentialAction":[{"@type":"ReadAction","target":["https:\/\/farmanuario.com\/tendencias\/terminos-del-servicio-3\/?lang=py"]}]},{"@type":"BreadcrumbList","@id":"https:\/\/farmanuario.com\/tendencias\/terminos-del-servicio-3\/?lang=py#breadcrumb","itemListElement":[{"@type":"ListItem","position":1,"name":"Portada","item":"https:\/\/farmanuario.com\/tendencias\/"},{"@type":"ListItem","position":2,"name":"T\u00e9rminos del Servicio"}]},{"@type":"WebSite","@id":"https:\/\/farmanuario.com\/tendencias\/#website","url":"https:\/\/farmanuario.com\/tendencias\/","name":"Farmanuario","description":"Informaci\u00f3n sobre Farmacos y Medicamentos","potentialAction":[{"@type":"SearchAction","target":{"@type":"EntryPoint","urlTemplate":"https:\/\/farmanuario.com\/tendencias\/?s={search_term_string}"},"query-input":{"@type":"PropertyValueSpecification","valueRequired":true,"valueName":"search_term_string"}}],"inLanguage":"es"}]}},"_links":{"self":[{"href":"https:\/\/farmanuario.com\/tendencias\/wp-json\/wp\/v2\/pages\/2367","targetHints":{"allow":["GET"]}}],"collection":[{"href":"https:\/\/farmanuario.com\/tendencias\/wp-json\/wp\/v2\/pages"}],"about":[{"href":"https:\/\/farmanuario.com\/tendencias\/wp-json\/wp\/v2\/types\/page"}],"author":[{"embeddable":true,"href":"https:\/\/farmanuario.com\/tendencias\/wp-json\/wp\/v2\/users\/1"}],"replies":[{"embeddable":true,"href":"https:\/\/farmanuario.com\/tendencias\/wp-json\/wp\/v2\/comments?post=2367"}],"version-history":[{"count":6,"href":"https:\/\/farmanuario.com\/tendencias\/wp-json\/wp\/v2\/pages\/2367\/revisions"}],"predecessor-version":[{"id":57062,"href":"https:\/\/farmanuario.com\/tendencias\/wp-json\/wp\/v2\/pages\/2367\/revisions\/57062"}],"wp:attachment":[{"href":"https:\/\/farmanuario.com\/tendencias\/wp-json\/wp\/v2\/media?parent=2367"}],"curies":[{"name":"wp","href":"https:\/\/api.w.org\/{rel}","templated":true}]}}